(1). Suppose h = 2*g - 14 - 0. Suppose 5*p + 5*k = 81 + 94, 0 = -p + 2*k + 35. Calculate the highest common factor of g and p.
7
Suppose g + 4 = -h - 6, 2*g + 14 = h. Let w(z) = z**2 + 7*z - 5. Let f be w(g). Let q = 48 - 15. Calculate the greatest common divisor of q and f.
3
Let w(a) = -a - 3. Let x be w(-6). Let s = x + 0. Calculate the highest common divisor of 9 and s.
3
Let b = 102 + -72. Calculate the highest common divisor of b and 45.
15
Let b(w) = -w**3 - 31*w**2 - 29*w + 98. Let g be b(-30). Let q(k) = 3*k - 3. Let t be q(2). Let f = t + 14. Calculate the highest common divisor of g and f.
17
Let n(o) = -o**2 - 2 - 13*o - 4 - 6. Let k be n(-12). Suppose k = 2*g - 33 + 3. Calculate the greatest common divisor of g and 5.
5
Let z be 4/1 + -2 + 37. Calculate the greatest common factor of 13 and z.
13
Suppose 36 = f + f. Suppose 0 = -5*d - f - 2. Let s be 18/1 + 6 + d. What is the highest common divisor of s and 120?
20
Let r be -3 + (13 + -2 - -1). Let j = 31 + r. Suppose 3*p = t + 13, 0*t + 5*t = 2*p. Calculate the greatest common divisor of p and j.
5
Let i be 0*(-3)/12*-2. Let x = 5 + 0. Suppose 0 = -x*m + 4*y + 19, 2*m + i = -y + 5. What is the greatest common factor of m and 3?
3
Let t(z) be the second derivative of -z**5/20 + z**4/2 + z**3/3 - 4*z. Let o be t(4). Calculate the highest common divisor of o and 5.
5
Suppose q + 5*c = -2*q - 18, -2*q - 8 = 2*c. Let y be (11 - (0 + q)) + -4. Let a = -37 - -61. Calculate the highest common factor of a and y.
8
Let z be 4/6*2*6. Calculate the greatest common divisor of z and 88.
8
Let v be (-141)/2*10/(-15). Suppose -10 = -z + v. What is the highest common divisor of 19 and z?
19
Suppose 0 = -q + 2*q - 18. Let x be 876/52 - 5 - 6/(-39). What is the greatest common divisor of x and q?
6
Suppose -3*z = 1 + 53. Let x = z + 10. Let l(u) = u**2 - u - 2. Let d be l(x). Calculate the greatest common factor of 14 and d.
14
Let v be (-40)/6*(-18 - (-5 - -11)). What is the highest common factor of v and 20?
20
Suppose 133 = 7*o - 406. Calculate the greatest common divisor of o and 11.
11
Let d(x) = x**3 - 9*x**2 + 11*x + 7. Let b be d(8). What is the greatest common divisor of b and 310?
31
Suppose c = -2, 6*c + 56 = p + 2*c. Let q be -36 - ((-21)/3 + 4). Let n = q + p. Calculate the highest common divisor of 60 and n.
15
Suppose 91 + 83 = 3*h. Let b = -10 + h. Let n = -2 - -14. Calculate the greatest common divisor of n and b.
12
Let o(s) be the first derivative of -5*s**2 + 1. Let h = -2 - 0. Let n be o(h). What is the greatest common divisor of n and 4?
4
Let y be (1 + (-106)/6)/((-11)/33). Calculate the greatest common factor of y and 10.
10
Let t = 71 - 70. Let u = 6 - 4. Suppose 1 = -u*j - 3*a + 20, -4*a + 18 = -j. What is the greatest common divisor of t and j?
1
Let i(a) = 13*a - 8. Let p be i(-7). Let c be (8/(-6))/(2/p). Calculate the highest common divisor of 6 and c.
6
Let n(j) = -86*j - 1. Let l be n(-1). Let a(s) = -33*s + 1. Let q be a(-1). Calculate the highest common factor of l and q.
17
Let r = 5 - -1. Suppose 0 = r*l - 3*l - 45. Let z = -5 - -11. Calculate the greatest common factor of z and l.
3
Let b be 291/12 + (-2)/8. Let h(k) be the first derivative of k**2 + 3. Let o be h(8). What is the highest common factor of o and b?
8
Let g be (-1)/(-2*(-2)/(-28)). Suppose 3*l - g = 2*l. Calculate the highest common factor of 7 and l.
7
Let o(h) = -h**2 + 7*h + 11. Let u be o(7). What is the greatest common factor of u and 1?
1
Suppose 0*f - r - 28 = -4*f, f - 2*r - 14 = 0. What is the greatest common divisor of 12 and f?
6
Let t(o) = o**2 + 3*o + 1. Let k be t(2). Let z be 90 + 0/1 + -2. What is the greatest common divisor of k and z?
11
Let r(o) = o**2 + 3*o + 1. Let l be r(-4). Suppose -4*a - 164 = -5*t + t, -2*a = -l*t + 208. Calculate the highest common factor of 6 and t.
6
Let h be ((-4)/(-6))/((-38)/(-17157)). Suppose 3*c = 74 + h. Calculate the highest common divisor of 25 and c.
25
Suppose 3*w = 4*w + 19. Let s be w*(-5 - -3) - 3. Calculate the greatest common divisor of s and 14.
7
Suppose -3*q - 2*u + 19 = 0, 4*q - 5*u + 10*u = 23. Let x = -1 + q. What is the highest common divisor of 15 and x?
3
Let u be (-5)/10 + (0 - (-103)/2). What is the highest common factor of 153 and u?
51
Let y(j) = 2*j**3 + 2*j + 3. Let r be y(2). What is the highest common divisor of 253 and r?
23
Let g = -183 + 196. Let b be 207/4 + (-2)/(-8). What is the highest common divisor of b and g?
13
Let r be 130/15 - (-2)/(-3). Calculate the greatest common divisor of 4 and r.
4
Suppose 2*k + 84 = 5*s, 3*s + k = -2*k + 63. Calculate the highest common divisor of s and 27.
9
Let m = 4 + -6. Let i be 3/(-3) + 31 + m. Let w be (-1 - -6)*(-84)/(-10). Calculate the highest common divisor of w and i.
14
Suppose -5*t + 93 = x, -5*x - 5*t + 122 = -323. Calculate the greatest common factor of x and 220.
44
Let u(y) = -4*y + 2. Let f be u(-9). What is the greatest common divisor of f and 57?
19
Let h be (-26)/4*(-364)/13. Calculate the highest common divisor of h and 26.
26
Suppose -32 = -4*u - 12. Suppose 212 = u*d + 12. Let a be ((-15)/6)/(2/(-4)). Calculate the highest common factor of d and a.
5
Let m be 1/(-1)*1*-4. Let a(v) = 7*v + 1. Let f be a(2). Suppose m*d + d = f. What is the greatest common factor of 3 and d?
3
Let a(w) = 7*w - 9*w - 6*w - 9 - 7*w. Let k be a(-7). Suppose -3*o = o - k. What is the highest common factor of 3 and o?
3
Let j(n) = -n**2 - 19*n + 52. Let c be j(-19). Calculate the greatest common divisor of 78 and c.
26
Suppose 0 = 3*f - 4*g - 0*g, 0 = 2*g. Suppose f*l + 3*l = 3. What is the greatest common divisor of 1 and l?
1
Let m = 22 + -13. Let f = -2 - -8. What is the highest common divisor of m and f?
3
Let f(s) = -s**3 - 8*s**2 - 8*s - 10. Let k = -5 - 3. Let p be f(k). What is the greatest common factor of 6 and p?
6
Let b(q) = q**3 - 8*q**2 - 14*q - 9. Let d be b(10). Let j = d + -19. Let h(g) = 3*g**2 - 2*g. Let f be h(-2). What is the greatest common factor of f and j?
16
Let y(q) = -2 + 4*q**2 - 8*q - 1 + 0*q**2 - 5*q**2. Let o be y(-7). What is the highest common divisor of 16 and o?
4
Suppose -3*w + 17 = -10. Calculate the highest common divisor of 9 and w.
9
Let x be 1/((-2)/(-2) - 2). Let k(m) = 4*m**2 + 1. Let c be k(x). Let u be (0 - -1 - 0)*5. Calculate the greatest common divisor of u and c.
5
Let p(z) be the second derivative of -z**4/12 - z**3/6 - 3*z**2 - 3*z. Let r be p(0). Let l = -5 - r. What is the greatest common factor of 5 and l?
1
Suppose -2*h = -0*y + 4*y - 284, -503 = -4*h + 5*y. Let u = -19 - -31. What is the highest common divisor of h and u?
12
Let u = -60 - -95. Calculate the greatest common factor of u and 7.
7
Let g be (-12)/(-4)*2/6. Let u be -2 + 1 - g*-3. Suppose u*k + 42 = 172. What is the greatest common divisor of 13 and k?
13
Suppose 5*x = -2*d + 20, 2*x - 20 = -6*d + 4*d. What is the highest common factor of 45 and d?
5
Let o = 47 - 24. Suppose 0 = 3*x - 103 - o. Calculate the greatest common divisor of x and 21.
21
Suppose 0 = 3*c + 4*q - 73, -5*q = -20*c + 18*c + 64. Let b(p) = -p + 1. Let d be b(-2). What is the highest common factor of d and c?
3
Let x = -25 - -31. Calculate the greatest common factor of x and 96.
6
Let k(a) = 7*a - 2*a - 2 + a**3 - 2 + 6*a**2. Let z be k(-4). Let r = -1 + 13. Calculate the greatest common factor of r and z.
4
Let h(f) be the second derivative of 0 + f + 7/6*f**3 - 3/2*f**2. Let o be h(3). Calculate the greatest common divisor of 198 and o.
18
Let o(w) = 2*w - 2 + 0*w**2 + 9*w**2 + 4*w**2 + 3. Let q be o(-1). Calculate the highest common factor of 96 and q.
12
Let w be 7 + -1*(-1 - -2). Calculate the greatest common factor of w and 3.
3
Let c = 45 - 19. Let m = c + -14. Let w = 2 + 1. Calculate the highest common factor of m and w.
3
Let q = 0 + 1. Let c(b) = 3*b - 3. Let j be c(6). Let y be (-5)/j - 13/(-3). Calculate the greatest common divisor of q and y.
1
Let r(p) = 4*p - 10. Let m be r(7). Suppose 5*s = 122 + 13. Calculate the greatest common divisor of s and m.
9
Let c(s) = s**3 - 4*s**2 - 5*s. Let h be c(5). Suppose -z - 4*z + 195 = h. Calculate the highest common factor of 26 and z.
13
Let s be -3 + 5 + 2*-24. Let f = 154 + s. What is the greatest common factor of 12 and f?
12
Let l = 5